-8. Let s be (-556)/(-14) + 4/14. Calculate the greatest common divisor of o and s.
10
Suppose -6 = -w - 4*b, 3*w - 3 = b + 2*b. Suppose -m + w + 2 = 0. Suppose m*y - 6 = 2*t, -4*y - 3*t = -0*t - 1. What is the greatest common factor of y and 7?
1
Suppose 2*q + v - 228 = 0, q - 3*v - 100 = 14. What is the greatest common divisor of q and 133?
19
Let u be ((-154)/(-2))/1 + 4. Let n be (-4)/(-3)*u/6. Calculate the highest common divisor of n and 18.
18
Let p(f) = 7*f**2 - f - 1. Let a = 5 + -3. Let g be p(a). Let r = 357 - 132. What is the greatest common factor of r and g?
25
Let f = -40 - -19. Let d = -6 - f. Suppose -3 = h - d. Calculate the highest common divisor of 8 and h.
4
Let u = -500 - -513. Suppose -2*l - 2*l = -712. Suppose -3*j + h + 152 = 0, 38 = 4*j + 2*h - l. What is the highest common factor of u and j?
13
Let n = 55 - 57. Let j be 23*(n - -2 - -1). Calculate the greatest common factor of j and 46.
23
Let b = 1503 + -735. Calculate the highest common factor of 120 and b.
24
Let v = 187 - 481. Let k be (-1260)/(-8)*(-32)/10. Let s = v - k. Calculate the greatest common factor of 30 and s.
30
Let b = -25 + 15. Let k(g) = g**3 + 9*g**2 - 9*g + 10. Let w be k(b). Suppose w*h + 45 = 5*h. What is the greatest common factor of 81 and h?
9
Let x = -5 - -9. Suppose 0 = 4*l + x, 2*d = 2*l - 0*l + 200. What is the greatest common divisor of d and 22?
11
Let h = -4 - -10. Suppose 3*l - 369 = -15*m + 19*m, -5*l = 2*m - 589. Suppose -l = -8*q + 25. What is the greatest common divisor of h and q?
6
Let p = 542 - 515. What is the highest common factor of p and 135?
27
Suppose 0 = -2*h - c + 25 + 21, h - 4*c = 41. Suppose -35 = -5*q + h. Let s = 15 - 11. What is the greatest common divisor of s and q?
4
Let s = -128 + 304. Suppose j - a = 19, 0 = -0*j + 5*j - 3*a - 101. Calculate the greatest common factor of s and j.
22
Let t = 11 - 3. Let k(j) = -j**3 + 7*j**2 + 5*j - 12. Let n be k(7). Let u = n + -11. Calculate the highest common factor of u and t.
4
Suppose 165*r - 17226 = 136*r. What is the greatest common divisor of r and 378?
54
Suppose -5*b - 3*m = -17, -b + 4 = -2*m + 11. Let v be b/(-1 + -1 + 1). Let j be (24/28)/(v/(-42)). What is the greatest common factor of j and 9?
9
Suppose 9*n - 16 = 7*n. Suppose -5*f - d = -185, -93 = -2*f - f + 3*d. Calculate the greatest common factor of f and n.
4
Suppose 3*i = -12 - 3. Let d be (i - -2)/(-12)*28. Calculate the greatest common divisor of 1 and d.
1
Let f(k) = 22*k - 25. Let o be f(13). Let q = -153 + o. Calculate the greatest common factor of 12 and q.
12
Suppose 6*o + 4*o = 1400. Suppose 0 = -3*u + u + o. What is the highest common divisor of u and 28?
14
Let w = -76 + 118. Calculate the highest common divisor of 14 and w.
14
Let u be 10 + (1 - 1)*-1. Let t(y) = -2*y**2 + 14*y. Let s be t(11). Let w = 2 - s. Calculate the highest common factor of u and w.
10
Let n(k) = 2*k - 13. Let j be n(9). Suppose -j + 1 = -2*a. Suppose -3*h + 37 = -a. Calculate the greatest common divisor of 13 and h.
13
Let u be 1938 + (-1 - 3)/4 - -6. What is the greatest common factor of 134 and u?
67
Let j be (-2)/6 + (-206)/(-6). Let d be (-2)/3 + (-6)/(-9). Suppose i - 4*q = -d*q + 140, -4*i = 4*q - 540. What is the greatest common divisor of i and j?
34
Let t be -1*5 + (-20 - -49). Calculate the greatest common divisor of t and 168.
24
Let l(x) = -x**2 - 44*x - 78. Let v be l(-21). What is the highest common divisor of 90 and v?
45
Let o = -816 - -819. Calculate the greatest common divisor of 30 and o.
3
Let c = 133 - 56. Suppose 8 = 4*h + 2*n, -3*h + 2 = -2*h + 5*n. Suppose -h*d + 161 = -c. What is the greatest common divisor of 17 and d?
17
Suppose 58 = -9*q + 11*q. What is the highest common factor of 232 and q?
29
Let q = -26 + -28. Let y(l) = -2*l**2 - l - 4. Let t be y(3). Let a = t - q. Calculate the highest common divisor of a and 145.
29
Let r be 21/(-14) + (-3366)/(-12). What is the highest common divisor of 31 and r?
31
Let q = 12 - 4. Let l = 10 - q. Suppose 0 = -4*b + 20, -l*t - 5*b = -0*t - 45. What is the highest common factor of 4 and t?
2
Let a(z) = -22*z**2 - z + 1. Let q be a(1). Let r = -16 - q. Calculate the highest common factor of 4 and r.
2
Suppose 5*b - 9*b + 108 = 0. Suppose -5*p = -0*f - 2*f + 14, 0 = -2*f - 2*p. Suppose -f*a + b = a. Calculate the greatest common divisor of a and 27.
9
Let d(a) = -a**3 - 6*a**2 - 10*a. Let k be d(-4). What is the greatest common divisor of k and 336?
8
Let z(p) = 15*p**2 - 9*p - 14. Let u(q) = -14*q**2 + 9*q + 15. Let r(f) = -7*u(f) - 6*z(f). Let b be r(-5). Calculate the highest common divisor of 32 and b.
32
Suppose 5*r = 2*m - 51, 8*m - r - 18 = 7*m. Suppose 2*q - 535 = 7*q. Let h = q + 211. What is the greatest common divisor of m and h?
13
Let a = -31 - -43. Suppose -66 = 6*w - a*w. Calculate the highest common factor of 22 and w.
11
Let i = 6887 - 6832. Suppose -2*f - 387 = -p, -2*f - 1 = -f. Calculate the highest common divisor of i and p.
55
Suppose 21*a - 530 - 142 = 0. Calculate the greatest common factor of 512 and a.
32
Let z = 297 - 284. What is the highest common factor of 403 and z?
13
Let b be ((-2)/4)/(-4*(-8)/(-448)). What is the greatest common factor of 7 and b?
7
Let l be ((-40)/(-50))/(2/175). Let s = l + -20. Suppose -x + 70 = -2*q, -x - 3*q + q = -s. Calculate the greatest common factor of 24 and x.
12
Let u = 25 + -17. Suppose -q + 0 + u = 0. Calculate the greatest common factor of q and 24.
8
Let q(m) = -2*m + 36. Let y be q(3). Calculate the highest common factor of y and 90.
30
Suppose 312 = 90*j - 84*j. What is the highest common divisor of 468 and j?
52
Suppose 12 = -4*c, 4*u + 1 = -4*c + 5. Suppose -w - v + 14 = 0, 9*w + u*v = 4*w + 71. What is the greatest common factor of w and 120?
15
Let n(o) = -o**2 - 9*o + 10. Let s be n(-7). Suppose p - s = 5*q, 0 = 3*p + 2*q - 6*q - 94. Calculate the greatest common divisor of p and 17.
17
Suppose 47*m - 487 - 171 = 0. What is the greatest common divisor of 70 and m?
14
Let f(l) = 2*l**2 - 3*l - 39. Let h be f(-6). Suppose -34 = 5*c - 204. Calculate the greatest common factor of c and h.
17
Let k = -1700 - -1705. Calculate the greatest common factor of 29 and k.
1
Let i be 25 + 3 + 8/(-2). Let t = -34 + 70. What is the highest common factor of t and i?
12
Suppose z + 4*g - 84 = -2*z, -5*z + 140 = -2*g. What is the greatest common factor of z and 32?
4
Suppose -5*x = -3*s + 92, 2*s + 5*x - 64 = s. Let y = s - 19. Calculate the greatest common divisor of 20 and y.
20
Let y(d) = -13*d + 3. Let m be y(-3). Let w(f) = -6*f + 56. Let r be w(7). What is the highest common factor of r and m?
14
Suppose j = -4*z + 38, 4*z = -5*j + 10*j - 214. Calculate the greatest common factor of 21 and j.
21
Let s = 434 - 386. Calculate the greatest common factor of s and 816.
48
Suppose 3*c + 2*z - 217 = -1772, 0 = -4*c - z - 2065. Let n = 352 + c. Let t = -112 - n. What is the highest common factor of t and 34?
17
Suppose 44*h - 16*h - 19096 = 0. What is the highest common factor of h and 11?
11
Let k(l) = l**3 + 10*l**2 + 8*l - 6. Let z be k(-9). Suppose 2*w - 28 = i, -z*i = 10 + 2. What is the highest common divisor of 6 and w?
6
Suppose 4*l - 1 - 7 = 2*w, 3*w + 4*l - 38 = 0. Let u = w - 2. Let g be (-76)/(-5) + -5 - 7/35. Calculate the highest common factor of g and u.
2
Let r be -11*(3/(-1))/3. Suppose 3*g = 5*g - 88. What is the greatest common factor of g and r?
11
Let x = -1268 - -2164. What is the greatest common divisor of 14 and x?
14
Let w = 589 + -564. Let c(t) = t**3 - 3*t**2 + t + 5. Let s be c(4). What is the highest common divisor of s and w?
25
Let p(y) = -10*y**3 + y**2 - y + 129. Let j be p(0). Calculate the highest common factor of j and 215.
43
Let o = 492 + -414. Calculate the highest common factor of 48 and o.
6
Suppose 3*g + 3*i = 102, -i - 122 = -3*g + i. Let l = -46 - -230. Suppose -2*j + 3*a = -l, j - a - 378 = -3*j. What is the greatest common divisor of j and g?
19
Let m(q) = 20 + 20 - q - 9. Let t be m(14). Calculate the highest common divisor of 153 and t.
17
Let n be (-2)/(-14) + 78*(-35)/(-98). What is the greatest common factor of n and 7?
7
Let v(b) = -b**3 + 11*b**2 - 29*b + 9. Let z be v(5). What is the highest common divisor of z and 4?
2
Suppose v + 0*w - 